{"id":7,"date":"2018-12-03T08:42:46","date_gmt":"2018-12-03T08:42:46","guid":{"rendered":"http:\/\/www.maries-organicbeauty.cz\/?page_id=7"},"modified":"2022-06-17T11:44:52","modified_gmt":"2022-06-17T11:44:52","slug":"domu","status":"publish","type":"page","link":"https:\/\/www.maries-organicbeauty.cz\/","title":{"rendered":""},"content":{"rendered":"<p style=\"text-align: center;\"><strong>V\u00edtejte v kosmetick\u00e9m sal\u00f3nu zdrav\u00e9 kr\u00e1sy &#8230;<\/strong><\/p>\n<p style=\"text-align: center;\">\u00a0jeho\u017e posl\u00e1n\u00edm je p\u0159in\u00e1\u0161et pro\u017eitek a v\u00fdjime\u010dn\u00e9 slu\u017eby pomoc\u00ed \u010dist\u00fdch, vysoce koncentrovan\u00fdch p\u0159\u00edrodn\u00edch produkt\u016f profesion\u00e1ln\u00ed organick\u00e9 kosmetiky zna\u010dky \u00c9minence Organic Skin Care a organick\u00e9 kosmeceutiky;<\/p>\n<p style=\"text-align: center;\">kde kr\u00e1sn\u00e1 a zdrav\u00e1 ple\u0165 nen\u00ed jen kosmetickou z\u00e1le\u017eitost\u00ed;<\/p>\n<p style=\"text-align: center;\">kde je v k p\u00e9\u010di o ple\u0165 p\u0159istupov\u00e1no komplexn\u011b;<\/p>\n<p style=\"text-align: center;\">se znalost\u00ed p\u0159\u00edrodn\u00edch slo\u017eek a zdrav\u00e9ho \u017eivotn\u00edho je V\u00e1m vybr\u00e1na p\u00e9\u010de &#8222;\u0161it\u00e1 na m\u00edru&#8220;;<\/p>\n<p style=\"text-align: center;\">kde p\u0159ed o\u0161et\u0159en\u00edm v\u017edy prob\u00edh\u00e1 osobn\u00ed konzultace a diagnostika pleti;<\/p>\n<p style=\"text-align: center;\">ka\u017ed\u00e9 je o\u0161et\u0159en\u00ed je sestaveno tak, aby bylo dosa\u017eeno co nejefektivn\u011bj\u0161\u00edch v\u00fdsledk\u016f;<\/p>\n\n\n<div class=\"wp-block-image is-style-default\"><figure class=\"aligncenter size-large is-resized\"><img loading=\"lazy\" src=\"http:\/\/www.maries-organicbeauty.cz\/wp-content\/uploads\/2022\/06\/DS2_4346-EditU-1-1024x684.jpg\" alt=\"\" class=\"wp-image-816\" width=\"527\" height=\"351\" srcset=\"https:\/\/www.maries-organicbeauty.cz\/wp-content\/uploads\/2022\/06\/DS2_4346-EditU-1-1024x684.jpg 1024w, https:\/\/www.maries-organicbeauty.cz\/wp-content\/uploads\/2022\/06\/DS2_4346-EditU-1-300x200.jpg 300w, https:\/\/www.maries-organicbeauty.cz\/wp-content\/uploads\/2022\/06\/DS2_4346-EditU-1-768x513.jpg 768w, https:\/\/www.maries-organicbeauty.cz\/wp-content\/uploads\/2022\/06\/DS2_4346-EditU-1-1536x1025.jpg 1536w, https:\/\/www.maries-organicbeauty.cz\/wp-content\/uploads\/2022\/06\/DS2_4346-EditU-1-2048x1367.jpg 2048w, https:\/\/www.maries-organicbeauty.cz\/wp-content\/uploads\/2022\/06\/DS2_4346-EditU-1-1140x761.jpg 1140w\" sizes=\"(max-width: 527px) 100vw, 527px\" \/><figcaption><em>Dop\u0159ejte si chvilku a nechce se h\u00fd\u010dkat. <\/em><\/figcaption><\/figure><\/div>\n\n\n\n<p><\/p>\n","protected":false},"excerpt":{"rendered":"<p>V\u00edtejte v kosmetick\u00e9m sal\u00f3nu zdrav\u00e9 kr\u00e1sy &#8230; \u00a0jeho\u017e posl\u00e1n\u00edm je p\u0159in\u00e1\u0161et pro\u017eitek a v\u00fdjime\u010dn\u00e9 slu\u017eby pomoc\u00ed \u010dist\u00fdch, vysoce koncentrovan\u00fdch p\u0159\u00edrodn\u00edch produkt\u016f profesion\u00e1ln\u00ed organick\u00e9 kosmetiky zna\u010dky \u00c9minence Organic Skin Care a organick\u00e9 kosmeceutiky; kde kr\u00e1sn\u00e1 a zdrav\u00e1 ple\u0165 nen\u00ed jen kosmetickou z\u00e1le\u017eitost\u00ed; kde je v k p\u00e9\u010di o ple\u0165 p\u0159istupov\u00e1no komplexn\u011b; se znalost\u00ed p\u0159\u00edrodn\u00edch slo\u017eek a zdrav\u00e9ho \u017eivotn\u00edho je V\u00e1m vybr\u00e1na p\u00e9\u010de &#8222;\u0161it\u00e1 na m\u00edru&#8220;; kde p\u0159ed o\u0161et\u0159en\u00edm v\u017edy prob\u00edh\u00e1 osobn\u00ed konzultace a diagnostika pleti; ka\u017ed\u00e9 je o\u0161et\u0159en\u00ed je sestaveno tak, aby bylo dosa\u017eeno co nejefektivn\u011bj\u0161\u00edch v\u00fdsledk\u016f;<\/p>\n","protected":false},"author":1,"featured_media":0,"parent":0,"menu_order":0,"comment_status":"closed","ping_status":"closed","template":"","meta":[],"_links":{"self":[{"href":"https:\/\/www.maries-organicbeauty.cz\/index.php\/wp-json\/wp\/v2\/pages\/7"}],"collection":[{"href":"https:\/\/www.maries-organicbeauty.cz\/index.php\/wp-json\/wp\/v2\/pages"}],"about":[{"href":"https:\/\/www.maries-organicbeauty.cz\/index.php\/wp-json\/wp\/v2\/types\/page"}],"author":[{"embeddable":true,"href":"https:\/\/www.maries-organicbeauty.cz\/index.php\/wp-json\/wp\/v2\/users\/1"}],"replies":[{"embeddable":true,"href":"https:\/\/www.maries-organicbeauty.cz\/index.php\/wp-json\/wp\/v2\/comments?post=7"}],"version-history":[{"count":44,"href":"https:\/\/www.maries-organicbeauty.cz\/index.php\/wp-json\/wp\/v2\/pages\/7\/revisions"}],"predecessor-version":[{"id":839,"href":"https:\/\/www.maries-organicbeauty.cz\/index.php\/wp-json\/wp\/v2\/pages\/7\/revisions\/839"}],"wp:attachment":[{"href":"https:\/\/www.maries-organicbeauty.cz\/index.php\/wp-json\/wp\/v2\/media?parent=7"}],"curies":[{"name":"wp","href":"https:\/\/api.w.org\/{rel}","templated":true}]}}