{"id":305,"date":"2020-11-16T09:59:46","date_gmt":"2020-11-16T09:59:46","guid":{"rendered":"http:\/\/www.maries-organicbeauty.cz\/?page_id=305"},"modified":"2021-09-27T16:51:08","modified_gmt":"2021-09-27T16:51:08","slug":"pece-o-plet","status":"publish","type":"page","link":"https:\/\/www.maries-organicbeauty.cz\/index.php\/pece-o-plet\/","title":{"rendered":"P\u00c9\u010cE O PLE\u0164"},"content":{"rendered":"\n<p>Ka\u017ed\u00e1 ple\u0165 je jin\u00e1, a proto vy\u017eaduje specifickou konkr\u00e9tn\u00ed p\u00e9\u010di.<\/p>\n\n\n\n<p>Pro o\u0161et\u0159en\u00ed pleti jsou sestaveny protokoly p\u00e9\u010de a d\u00edky \u00fa\u010dinn\u00fdm p\u0159\u00edrodn\u00edm slo\u017ek\u00e1m jsou v\u00fdsledky zaru\u010deny. <\/p>\n\n\n\n<p>Z \u010deho lze vyb\u00edrat? <\/p>\n\n\n\n<p><strong>EMINENCE CLEAN SKIN\/RITU\u00c1L \u010cISTOTY\u00a0 (cca 60 min.)<\/strong><\/p>\n\n\n\n<p>Mal\u00fd o\u010distn\u00fd detoxika\u010dn\u00ed ritu\u00e1l, kter\u00fdm se\u00a0navrac\u00edte k\u00a0p\u016fvodn\u00ed dokonalosti pleti. Nab\u00edz\u00ed hloubkovou exfoliaci a vyhlazen\u00ed, hydrataci a  \u010di\u0161t\u011bn\u00ed p\u00f3r\u016f. Doporu\u010dujeme pro norm\u00e1ln\u00ed ple\u0165 a citlivou, \u010di jako prevenci vzniku z\u00e1n\u011bt\u016f a pup\u00ednk\u016f \u010di jin\u00fdch nedokonalost\u00ed pleti. Hloubkov\u00e9 \u010di\u0161t\u011bn\u00ed je z\u00e1klad ka\u017ed\u00e9 p\u00e9\u010de a p\u0159edev\u0161\u00edm zdrav\u00e9 pleti.<\/p>\n\n\n\n<p><strong>ANTIACNE CLEAN SKIN\/ANTIAKN\u00c9 P\u00c9\u010cE&nbsp; (cca 60 min.)<\/strong><\/p>\n\n\n\n<p>Hloubkov\u00e1 p\u00e9\u010de o problematickou ple\u0165 podporuj\u00edc\u00ed hojen\u00ed akn\u00e9. Hloubkovou profesion\u00e1ln\u00ed exfoliac\u00ed se p\u0159edch\u00e1z\u00ed z\u00e1n\u011bt\u016fm a z\u00e1rove\u0148 drobn\u00fdm poran\u011bn\u00edm \u010di jizvi\u010dk\u00e1m.\u00a0P\u00e9\u010de nab\u00edz\u00ed d\u016fkladnou exfoliaci a hloubkov\u00e9 \u010di\u0161t\u011bn\u00ed p\u00f3r\u016f, \u010dern\u00fdch te\u010dek a z\u00e1rove\u0148 podpo\u0159\u00ed regeneraci pleti a jej\u00ed hojen\u00ed. Doporu\u010dujeme pro mastnou a z\u00e1n\u011btlivou ple\u0165 jako \u0159e\u0161en\u00ed i prevenci vzniku z\u00e1n\u011bt\u016f a pup\u00ednk\u016f. D\u00edky s\u00edle p\u0159\u00edrodn\u00edch slo\u017eek, zejm\u00e9na bylinek, ple\u0165 nen\u00ed po o\u0161et\u0159en\u00ed za\u010dervenal\u00e1.<\/p>\n\n\n\n<div class=\"wp-block-image\"><figure class=\"alignleft size-large is-resized\"><img loading=\"lazy\" src=\"https:\/\/www.maries-organicbeauty.cz\/wp-content\/uploads\/2021\/09\/Screenshot_20210927_162410-1024x585.jpg\" alt=\"\" class=\"wp-image-708\" width=\"615\" height=\"350\" srcset=\"https:\/\/www.maries-organicbeauty.cz\/wp-content\/uploads\/2021\/09\/Screenshot_20210927_162410-1024x585.jpg 1024w, https:\/\/www.maries-organicbeauty.cz\/wp-content\/uploads\/2021\/09\/Screenshot_20210927_162410-300x171.jpg 300w\" sizes=\"(max-width: 615px) 100vw, 615px\" \/><figcaption><em>V\u00fdsledky hojen\u00ed z\u00e1n\u011btu akn\u00e9 po n\u011bkolika o\u0161et\u0159en\u00ed<\/em>ch. <\/figcaption><\/figure><\/div>\n\n\n\n<p><\/p>\n\n\n\n<p><\/p>\n\n\n\n<p><\/p>\n\n\n\n<p><\/p>\n\n\n\n<p><\/p>\n\n\n\n<p><\/p>\n\n\n\n<p><\/p>\n\n\n\n<p><\/p>\n\n\n\n<p><\/p>\n\n\n\n<p><\/p>\n\n\n\n<p><\/p>\n\n\n\n<p><\/p>\n\n\n\n<p><strong>BRIGHT SKIN\/DOKONAL\u00c9 PROJASN\u011aN\u00cd\u00a0 \u00a0 (cca 90 min.)<\/strong><\/p>\n\n\n\n<p>Projasn\u011bn\u00ed pleti, zesv\u011btlen\u00ed tmav\u00fdch skvrn a hyperpigmentace. Vy\u010di\u0161t\u011bn\u00ed pleti, zklidn\u011bn\u00ed tonikem, vyhlazen\u00ed exfoliac\u00ed, zklidn\u011bn\u00ed, hloubkov\u00e1 hydratace a projasn\u011bn\u00ed. Kl\u00ed\u010dovou slo\u017eku je alternativa p\u0159\u00edrodn\u00edho hydrochinonu, kter\u00e1 zaru\u010d\u00ed jasnou a barevn\u011b sjednocenou poko\u017eku.<\/p>\n\n\n\n<p><strong>CALM SKIN\/ BYLINN\u00dd KOKTEJL PRO ZKLIDN\u011aN\u00cd PLETI (90 min.)<\/strong><\/p>\n\n\n\n<p>I ta nejcitliv\u011bj\u0161\u00ed poko\u017eka si zamiluje tuto \u0161etrnou, hluboce vy\u017eivuj\u00edc\u00ed a zklid\u0148uj\u00edc\u00ed p\u00e9\u010di. Protokol sestaven\u00fd z l\u00e9\u010div\u00fdch a ti\u0161iv\u00fdch bylin jako arnika a net\u0159esk \u010di m\u011bs\u00ed\u010dek zklidn\u00ed va\u0161i poko\u017eku, ulev\u00ed od nap\u011bt\u00ed a za\u010derven\u00e1n\u00ed,  zanech\u00e1 ji hydratovanou, hladkou a projasn\u011bnou. <\/p>\n\n\n\n<figure class=\"wp-block-image size-full is-resized\"><img loading=\"lazy\" src=\"https:\/\/www.maries-organicbeauty.cz\/wp-content\/uploads\/2021\/09\/Screenshot_20210927_182500.jpg\" alt=\"\" class=\"wp-image-709\" width=\"609\" height=\"356\" srcset=\"https:\/\/www.maries-organicbeauty.cz\/wp-content\/uploads\/2021\/09\/Screenshot_20210927_182500.jpg 994w, https:\/\/www.maries-organicbeauty.cz\/wp-content\/uploads\/2021\/09\/Screenshot_20210927_182500-300x176.jpg 300w, https:\/\/www.maries-organicbeauty.cz\/wp-content\/uploads\/2021\/09\/Screenshot_20210927_182500-768x450.jpg 768w\" sizes=\"(max-width: 609px) 100vw, 609px\" \/><figcaption><em>Zklidn\u011bn\u00ed pleti, zbaven\u00ed za\u010derven\u00e1n\u00ed a nap\u011bt\u00ed. <\/em><\/figcaption><\/figure>\n\n\n\n<p><strong>EMINENCE BEAUTY EXPRESS ANTI- AGING\/N\u00c1VRAT ML\u00c1D\u00cd&nbsp; (105 min.)<\/strong><\/p>\n\n\n\n<p>Protokol ur\u010den\u00fd pro zralou poko\u017eku. Kompletn\u00ed omlazuj\u00edc\u00ed a liftingov\u00e1 p\u00e9\u010de, kter\u00e1\u00a0regeneruje ple\u0165, tvaruje a\u00a0zpev\u0148uje obli\u010dejov\u00e9 svaly a\u00a0zanech\u00e1v\u00e1 ple\u0165 jasnou, sjednocenou a\u00a0tonizovanou. Povadl\u00e9 rysy se\u00a0op\u011bt zpevn\u00ed, k\u0159ehk\u00e1 ple\u0165 bez jasu a\u00a0\u017eivota se\u00a0rozjasn\u00ed, a\u00a0Vy\u00a0znovu objev\u00edte z\u00e1\u0159ivou a\u00a0mladistvou ple\u0165.<\/p>\n\n\n\n<figure class=\"wp-block-image size-full is-resized\"><img loading=\"lazy\" src=\"https:\/\/www.maries-organicbeauty.cz\/wp-content\/uploads\/2021\/09\/Screenshot_20210927_181253.jpg\" alt=\"\" class=\"wp-image-710\" width=\"621\" height=\"374\" srcset=\"https:\/\/www.maries-organicbeauty.cz\/wp-content\/uploads\/2021\/09\/Screenshot_20210927_181253.jpg 961w, https:\/\/www.maries-organicbeauty.cz\/wp-content\/uploads\/2021\/09\/Screenshot_20210927_181253-300x181.jpg 300w, https:\/\/www.maries-organicbeauty.cz\/wp-content\/uploads\/2021\/09\/Screenshot_20210927_181253-768x463.jpg 768w\" sizes=\"(max-width: 621px) 100vw, 621px\" \/><figcaption><em>Viditeln\u00e9 omlazen\u00ed pleti a zpevn\u011bn\u00ed kontur. <\/em><\/figcaption><\/figure>\n\n\n\n<p><strong>ARTIC BERY ILLUMINATING SYSTEMS\/ SYST\u00c9M PEALING\u016e \u2013 ZM\u00cdRN\u011aN\u00cd JIZEV, PIGMENTACE A&nbsp;HLUBOK\u00ddCH VR\u00c1SEK&nbsp; (cca 60 min.)<\/strong><\/p>\n\n\n\n<p>O\u0161et\u0159en\u00ed je p\u0159\u00edrodn\u00ed formou (alternativou) chemick\u00e9ho peelingu, kter\u00e9 je zac\u00edleno na \u0161kody pleti po t\u011b\u017e\u0161\u00ed form\u011b akn\u00e9 \u2013 zm\u00edrn\u011bn\u00ed jizev, \u0161kody zp\u016fsoben\u00e9 slune\u010dn\u00edm z\u00e1\u0159en\u00edm \u2013 zesv\u011btlen\u00ed pigmentov\u00fdch skvrn, zm\u00edrn\u011bn\u00ed nerovn\u00e9ho povrchu pleti a hlub\u0161\u00edch vr\u00e1sek. Protokol je slo\u017een ze dvou po sob\u011b jdouc\u00edch komplex\u016f krok\u016f peeal\u016f a \u00fa\u010dinn\u00fdch aktiv\u00e1tor\u016f arktick\u00fdch botanick\u00fdch p\u0159\u00edsad, kter\u00e9 zajist\u00ed naprostou obnovu a regeneraci poko\u017eky. &nbsp;O\u0161et\u0159en\u00ed je vhodn\u00e9 pro v\u0161echny typy pleti.<\/p>\n\n\n\n<p><strong>ESSENTIALLY BEAUTIFUL RELAX \/RITU\u00c1L RELAXACE A HARMONIE&nbsp; (cca 120 min.)<\/strong><\/p>\n\n\n\n<p>Exkluzivn\u00ed holistick\u00fd ritu\u00e1l, kter\u00fd dokonale vyp\u00edn\u00e1 ple\u0165 a\u00a0z\u00e1rove\u0148 sv\u00fdm aromaterapeutick\u00fdm p\u016fsoben\u00edm pom\u00e1h\u00e1 nal\u00e9zt vnit\u0159n\u00ed klid a\u00a0harmonii mysli. Jde o\u00a0unik\u00e1tn\u00ed recepturu zalo\u017eenou na\u00a0p\u016fsoben\u00ed vysoce efektivn\u00edch l\u00e1tek 100% p\u0159\u00edrodn\u00edho p\u016fvodu, kter\u00e9 zaru\u010duj\u00ed okam\u017eit\u00fd omlazuj\u00edc\u00ed efekt a\u00a0sametov\u011b jemnou ple\u0165 z\u00e1\u0159\u00edc\u00ed zdrav\u00edm a energi\u00ed.<\/p>\n\n\n\n<p><strong>\u201eCUPPING FACE\u201c\/BA\u0147KOV\u00c1N\u00cd OBLI\u010cEJE&nbsp; &#8211; MAS\u00c1\u017d BA\u0147KOU&nbsp; (cca 10 &#8211; 15 min.)<\/strong><\/p>\n\n\n\n<p>Chcete li za\u017e\u00edt netradi\u010dn\u00ed omlazuj\u00edc\u00ed proceduru, dop\u0159ejte si lehkou \u201emas\u00e1\u017e ba\u0148kou\u201c. Na rozd\u00edl od ba\u0148kov\u00e1n\u00ed t\u011bla se nemus\u00edte ob\u00e1vat \u017e\u00e1dn\u00fdch mod\u0159in.\u00a0 Ba\u0148ka nez\u016fst\u00e1v\u00e1 na\u00a0obli\u010deji dlouho na\u00a0stejn\u00e9m m\u00edst\u011b, ale neust\u00e1le se pohybuje. Ba\u0148kov\u00e1n\u00edm se\u00a0<strong>vytv\u00e1\u0159\u00ed jemn\u00fd podtlak a\u00a0v\u00fdsledky jsou velmi p\u0159\u00edjemn\u00e9<\/strong> a viditeln\u00e9 i hned. Ba\u0148kov\u00e1n\u00ed zpev\u0148uje ochabl\u00e9 kontury tv\u00e1\u0159e, pozved\u00e1 koutky rt\u016f a redukuje vr\u00e1sky, \u010d\u00edm\u017e \u00fa\u010dinn\u011b\u00a0oddaluje st\u00e1rnut\u00ed\u00a0pleti, zachov\u00e1v\u00e1 mladistv\u00fd vzhled. Podporuje ko\u017en\u00ed metabolismus a l\u00e1tkovou v\u00fdm\u011bnu, p\u0159\u00edzniv\u011b ovliv\u0148uje lymfatick\u00fd syst\u00e9m a odv\u00e1d\u00ed toxiny. <\/p>\n","protected":false},"excerpt":{"rendered":"<p>Ka\u017ed\u00e1 ple\u0165 je jin\u00e1, a proto vy\u017eaduje specifickou konkr\u00e9tn\u00ed p\u00e9\u010di. Pro o\u0161et\u0159en\u00ed pleti jsou sestaveny protokoly p\u00e9\u010de a d\u00edky \u00fa\u010dinn\u00fdm p\u0159\u00edrodn\u00edm slo\u017ek\u00e1m jsou v\u00fdsledky zaru\u010deny. Z \u010deho lze vyb\u00edrat? EMINENCE CLEAN SKIN\/RITU\u00c1L \u010cISTOTY\u00a0 (cca 60 min.) Mal\u00fd o\u010distn\u00fd detoxika\u010dn\u00ed ritu\u00e1l, kter\u00fdm se\u00a0navrac\u00edte k\u00a0p\u016fvodn\u00ed dokonalosti pleti. Nab\u00edz\u00ed hloubkovou exfoliaci a vyhlazen\u00ed, hydrataci a \u010di\u0161t\u011bn\u00ed p\u00f3r\u016f. Doporu\u010dujeme pro norm\u00e1ln\u00ed ple\u0165 a citlivou, \u010di jako prevenci vzniku z\u00e1n\u011bt\u016f a pup\u00ednk\u016f \u010di jin\u00fdch nedokonalost\u00ed pleti. Hloubkov\u00e9 \u010di\u0161t\u011bn\u00ed je z\u00e1klad ka\u017ed\u00e9 p\u00e9\u010de a p\u0159edev\u0161\u00edm zdrav\u00e9 pleti. ANTIACNE CLEAN SKIN\/ANTIAKN\u00c9 P\u00c9\u010cE&nbsp; (cca 60 min.) Hloubkov\u00e1 p\u00e9\u010de o problematickou ple\u0165 podporuj\u00edc\u00ed hojen\u00ed akn\u00e9. Hloubkovou profesion\u00e1ln\u00ed exfoliac\u00ed se p\u0159edch\u00e1z\u00ed z\u00e1n\u011bt\u016fm a z\u00e1rove\u0148 drobn\u00fdm poran\u011bn\u00edm \u010di jizvi\u010dk\u00e1m.\u00a0P\u00e9\u010de nab\u00edz\u00ed d\u016fkladnou exfoliaci a hloubkov\u00e9 \u010di\u0161t\u011bn\u00ed p\u00f3r\u016f, \u010dern\u00fdch te\u010dek a z\u00e1rove\u0148 podpo\u0159\u00ed regeneraci pleti a jej\u00ed hojen\u00ed. Doporu\u010dujeme pro mastnou a z\u00e1n\u011btlivou ple\u0165 jako \u0159e\u0161en\u00ed i prevenci vzniku z\u00e1n\u011bt\u016f a pup\u00ednk\u016f. D\u00edky s\u00edle p\u0159\u00edrodn\u00edch slo\u017eek, zejm\u00e9na bylinek, ple\u0165 nen\u00ed po o\u0161et\u0159en\u00ed za\u010dervenal\u00e1. BRIGHT SKIN\/DOKONAL\u00c9 PROJASN\u011aN\u00cd\u00a0 \u00a0 (cca 90 min.) Projasn\u011bn\u00ed pleti, zesv\u011btlen\u00ed tmav\u00fdch skvrn a hyperpigmentace. Vy\u010di\u0161t\u011bn\u00ed pleti, zklidn\u011bn\u00ed tonikem, vyhlazen\u00ed exfoliac\u00ed, zklidn\u011bn\u00ed, hloubkov\u00e1 hydratace a projasn\u011bn\u00ed. Kl\u00ed\u010dovou slo\u017eku je alternativa p\u0159\u00edrodn\u00edho hydrochinonu, kter\u00e1 zaru\u010d\u00ed jasnou a barevn\u011b sjednocenou poko\u017eku. CALM SKIN\/ BYLINN\u00dd KOKTEJL PRO ZKLIDN\u011aN\u00cd PLETI (90 min.) I ta nejcitliv\u011bj\u0161\u00ed poko\u017eka si zamiluje tuto \u0161etrnou, hluboce vy\u017eivuj\u00edc\u00ed a zklid\u0148uj\u00edc\u00ed p\u00e9\u010di. Protokol sestaven\u00fd z l\u00e9\u010div\u00fdch a ti\u0161iv\u00fdch bylin jako arnika a net\u0159esk \u010di m\u011bs\u00ed\u010dek zklidn\u00ed va\u0161i poko\u017eku, ulev\u00ed od nap\u011bt\u00ed a za\u010derven\u00e1n\u00ed, zanech\u00e1 ji hydratovanou, hladkou a projasn\u011bnou. EMINENCE BEAUTY EXPRESS ANTI- AGING\/N\u00c1VRAT ML\u00c1D\u00cd&nbsp; (105 min.) Protokol ur\u010den\u00fd pro zralou poko\u017eku. Kompletn\u00ed omlazuj\u00edc\u00ed a liftingov\u00e1 p\u00e9\u010de, kter\u00e1\u00a0regeneruje ple\u0165, tvaruje a\u00a0zpev\u0148uje obli\u010dejov\u00e9 svaly a\u00a0zanech\u00e1v\u00e1 ple\u0165 jasnou, sjednocenou a\u00a0tonizovanou. Povadl\u00e9 rysy se\u00a0op\u011bt zpevn\u00ed, k\u0159ehk\u00e1 ple\u0165 bez jasu a\u00a0\u017eivota se\u00a0rozjasn\u00ed, a\u00a0Vy\u00a0znovu objev\u00edte z\u00e1\u0159ivou a\u00a0mladistvou ple\u0165. ARTIC BERY ILLUMINATING SYSTEMS\/ SYST\u00c9M PEALING\u016e \u2013 ZM\u00cdRN\u011aN\u00cd JIZEV, PIGMENTACE A&nbsp;HLUBOK\u00ddCH VR\u00c1SEK&nbsp; (cca 60 min.) O\u0161et\u0159en\u00ed je p\u0159\u00edrodn\u00ed formou (alternativou) chemick\u00e9ho peelingu, kter\u00e9 je zac\u00edleno na \u0161kody pleti po t\u011b\u017e\u0161\u00ed form\u011b akn\u00e9 \u2013 zm\u00edrn\u011bn\u00ed jizev, \u0161kody zp\u016fsoben\u00e9 slune\u010dn\u00edm z\u00e1\u0159en\u00edm \u2013 zesv\u011btlen\u00ed pigmentov\u00fdch skvrn, zm\u00edrn\u011bn\u00ed nerovn\u00e9ho povrchu pleti a hlub\u0161\u00edch vr\u00e1sek. Protokol je slo\u017een ze dvou po sob\u011b jdouc\u00edch komplex\u016f krok\u016f peeal\u016f a \u00fa\u010dinn\u00fdch aktiv\u00e1tor\u016f arktick\u00fdch botanick\u00fdch p\u0159\u00edsad, kter\u00e9 zajist\u00ed naprostou obnovu a regeneraci poko\u017eky. &nbsp;O\u0161et\u0159en\u00ed je vhodn\u00e9 pro v\u0161echny typy pleti. ESSENTIALLY BEAUTIFUL RELAX \/RITU\u00c1L RELAXACE A HARMONIE&nbsp; (cca 120 min.) Exkluzivn\u00ed holistick\u00fd ritu\u00e1l, kter\u00fd dokonale vyp\u00edn\u00e1 ple\u0165 a\u00a0z\u00e1rove\u0148 sv\u00fdm aromaterapeutick\u00fdm p\u016fsoben\u00edm pom\u00e1h\u00e1 nal\u00e9zt vnit\u0159n\u00ed klid a\u00a0harmonii mysli. Jde o\u00a0unik\u00e1tn\u00ed recepturu zalo\u017eenou na\u00a0p\u016fsoben\u00ed vysoce efektivn\u00edch l\u00e1tek 100% p\u0159\u00edrodn\u00edho p\u016fvodu, kter\u00e9 zaru\u010duj\u00ed okam\u017eit\u00fd omlazuj\u00edc\u00ed efekt a\u00a0sametov\u011b jemnou ple\u0165 z\u00e1\u0159\u00edc\u00ed zdrav\u00edm a energi\u00ed. \u201eCUPPING FACE\u201c\/BA\u0147KOV\u00c1N\u00cd OBLI\u010cEJE&nbsp; &#8211; MAS\u00c1\u017d BA\u0147KOU&nbsp; (cca 10 &#8211; 15 min.) Chcete li za\u017e\u00edt netradi\u010dn\u00ed omlazuj\u00edc\u00ed proceduru, dop\u0159ejte si lehkou \u201emas\u00e1\u017e ba\u0148kou\u201c. Na rozd\u00edl od ba\u0148kov\u00e1n\u00ed t\u011bla se nemus\u00edte ob\u00e1vat \u017e\u00e1dn\u00fdch mod\u0159in.\u00a0 Ba\u0148ka nez\u016fst\u00e1v\u00e1 na\u00a0obli\u010deji dlouho na\u00a0stejn\u00e9m m\u00edst\u011b, ale neust\u00e1le se pohybuje. Ba\u0148kov\u00e1n\u00edm se\u00a0vytv\u00e1\u0159\u00ed jemn\u00fd podtlak a\u00a0v\u00fdsledky jsou velmi p\u0159\u00edjemn\u00e9 a viditeln\u00e9 i hned. Ba\u0148kov\u00e1n\u00ed zpev\u0148uje ochabl\u00e9 kontury tv\u00e1\u0159e, pozved\u00e1 koutky rt\u016f a redukuje vr\u00e1sky, \u010d\u00edm\u017e \u00fa\u010dinn\u011b\u00a0oddaluje st\u00e1rnut\u00ed\u00a0pleti, zachov\u00e1v\u00e1 mladistv\u00fd vzhled. Podporuje ko\u017en\u00ed metabolismus a l\u00e1tkovou v\u00fdm\u011bnu, p\u0159\u00edzniv\u011b ovliv\u0148uje lymfatick\u00fd syst\u00e9m a odv\u00e1d\u00ed toxiny.<\/p>\n","protected":false},"author":1,"featured_media":0,"parent":0,"menu_order":0,"comment_status":"closed","ping_status":"closed","template":"","meta":[],"_links":{"self":[{"href":"https:\/\/www.maries-organicbeauty.cz\/index.php\/wp-json\/wp\/v2\/pages\/305"}],"collection":[{"href":"https:\/\/www.maries-organicbeauty.cz\/index.php\/wp-json\/wp\/v2\/pages"}],"about":[{"href":"https:\/\/www.maries-organicbeauty.cz\/index.php\/wp-json\/wp\/v2\/types\/page"}],"author":[{"embeddable":true,"href":"https:\/\/www.maries-organicbeauty.cz\/index.php\/wp-json\/wp\/v2\/users\/1"}],"replies":[{"embeddable":true,"href":"https:\/\/www.maries-organicbeauty.cz\/index.php\/wp-json\/wp\/v2\/comments?post=305"}],"version-history":[{"count":15,"href":"https:\/\/www.maries-organicbeauty.cz\/index.php\/wp-json\/wp\/v2\/pages\/305\/revisions"}],"predecessor-version":[{"id":712,"href":"https:\/\/www.maries-organicbeauty.cz\/index.php\/wp-json\/wp\/v2\/pages\/305\/revisions\/712"}],"wp:attachment":[{"href":"https:\/\/www.maries-organicbeauty.cz\/index.php\/wp-json\/wp\/v2\/media?parent=305"}],"curies":[{"name":"wp","href":"https:\/\/api.w.org\/{rel}","templated":true}]}}